{"id":10,"date":"2017-12-17T06:31:19","date_gmt":"2017-12-17T06:31:19","guid":{"rendered":"http:\/\/www.kibe-kunterbunt.ch\/?page_id=10"},"modified":"2026-03-23T15:33:20","modified_gmt":"2026-03-23T13:33:20","slug":"home-2","status":"publish","type":"page","link":"https:\/\/www.kibe-kunterbunt.ch\/","title":{"rendered":"Home"},"content":{"rendered":"\n<section class=\"wp-block-uagb-section uagb-section__wrap uagb-section__background-image uagb-block-10b4c0f8\"><div class=\"uagb-section__overlay\"><\/div><div class=\"uagb-section__inner-wrap\">\n<div class=\"wp-block-columns has-2-columns is-layout-flex wp-container-core-columns-is-layout-28f84493 wp-block-columns-is-layout-flex\">\n<div class=\"wp-block-column is-layout-flow wp-block-column-is-layout-flow\">\n<div class=\"wp-block-uagb-info-box uagb-block-0d6c6b06 uagb-infobox__content-wrap  uagb-infobox-icon-above-title uagb-infobox-image-valign-top\"><div class=\"uagb-ifb-content\"><div class=\"uagb-ifb-title-wrap\"><h1 class=\"uagb-ifb-title\">Willkommen bei der Kibe Kunterbunt<\/h1><\/div><\/div><\/div>\n\n\n\n<div class=\"wp-block-uagb-advanced-heading uagb-block-a5a70313\" id=\"uagb-adv-heading-a10e3e72-e5fd-4761-8dde-df9b5fe9b436\"><h1 class=\"uagb-heading-text\">Region Gurmels<br><\/h1><\/div>\n\n\n\n<p class=\"has-text-align-center has-white-color has-text-color has-large-font-size\">Wir haben bei unserer ASB und VSB noch freie Pl\u00e4tze.<br>Bei Interesse k\u00f6nnt Ihr euch gerne bei uns melden<\/p>\n<\/div>\n<\/div>\n<\/div><\/section>\n\n\n\n<section class=\"wp-block-uagb-section uagb-section__wrap uagb-section__background-color alignfull uagb-block-2399fc21\"><div class=\"uagb-section__overlay\"><\/div><div class=\"uagb-section__inner-wrap\">\n<p class=\"has-text-align-center has-medium-font-size\">Wir betreuen in der Kibe Kunterbunt zwei verschiedene Gruppen.<\/p>\n\n\n\n<p class=\"has-text-align-center has-medium-font-size\">In der vorschulischen Betreuung (VSB) der Kibe werden Kinder von 3 Monaten bis zum Kindergarteneintritt in zwei altersgemischten Gruppen, Wichtel und Zwergen von ausgebildetem Fachpersonal betreut.<\/p>\n\n\n\n<p class=\"has-text-align-center has-medium-font-size\">In der ausserschulischen Betreuung (ASB) der Kibe werden Kinder im Alter vom Kindergarteneintritt bis und mit Ende der 8H (6. Primarklasse) von ausgebildetem Fachpersonal betreut<\/p>\n\n\n\n<p class=\"has-text-align-center has-medium-font-size\">Die Kibe Kunterbunt befindet sich im Neubau der Alterswohnungen in neuen R\u00e4umlichkeiten hinter der &#8222;Pfarrsch\u00fcr&#8220; in Gurmels und verf\u00fcgt \u00fcber einen grossz\u00fcgigen Spielplatz zum Spielen und Entdecken.<\/p>\n\n\n\n<div style=\"height:50px\" aria-hidden=\"true\" class=\"wp-block-spacer\"><\/div>\n<\/div><\/section>\n\n\n\n<h2 class=\"wp-block-heading has-text-align-center\"><strong>Unsere Leitgedanken<\/strong><\/h2>\n\n\n\n<p class=\"has-text-align-center has-medium-font-size\">Uns liegt es am Herzen, den Kindern einen Ort der Geborgenheit zu vermitteln, in dem sie sich ihren individuellen Bed\u00fcrfnissen entsprechend entfalten k\u00f6nnen.<\/p>\n\n\n\n<p class=\"has-text-align-center has-medium-font-size\">Uns ist wichtig, in einer famili\u00e4ren Atmosph\u00e4re<\/p>\n\n\n\n<p class=\"has-text-align-center has-medium-font-size\">die Kinder liebevoll und individuell zu f\u00f6rdern,<\/p>\n\n\n\n<p class=\"has-text-align-center has-medium-font-size\">den Kindern die Gelegenheit zu geben, sich mit anderen Kindern auseinanderzusetzen und mit ihnen zu spielen,<\/p>\n\n\n\n<p class=\"has-text-align-center has-medium-font-size\">den Kindern Raum zu schaffen, um kreativ, lebendig und selbst\u00e4ndig zu sein,<\/p>\n\n\n\n<p class=\"has-text-align-center has-medium-font-size\">die Kinder beim Erkunden und Erleben der Natur zu begleiten.<\/p>\n\n\n\n<div style=\"height:43px\" aria-hidden=\"true\" class=\"wp-block-spacer\"><\/div>\n\n\n\n<section class=\"wp-block-uagb-section uagb-section__wrap uagb-section__background-color uagb-block-59101ff4\"><div class=\"uagb-section__overlay\"><\/div><div class=\"uagb-section__inner-wrap\">\n<div class=\"wp-block-columns has-3-columns is-layout-flex wp-container-core-columns-is-layout-28f84493 wp-block-columns-is-layout-flex\">\n<div class=\"wp-block-column is-layout-flow wp-block-column-is-layout-flow\">\n<section class=\"wp-block-uagb-section uagb-section__wrap uagb-section__background-image uagb-block-ffad1859\"><div class=\"uagb-section__overlay\"><\/div><div class=\"uagb-section__inner-wrap\">\n<div style=\"height:80px\" aria-hidden=\"true\" class=\"wp-block-spacer\"><\/div>\n\n\n\n<div class=\"wp-block-uagb-info-box uagb-block-3cbdc56e uagb-infobox__content-wrap  uagb-infobox-icon-above-title uagb-infobox-image-valign-top\"><div class=\"uagb-ifb-content\"><div class=\"uagb-ifb-title-wrap\"><h2 class=\"uagb-ifb-title\">VSB<\/h2><\/div><p class=\"uagb-ifb-desc\">Vorschulische Betreuung<\/p><div class=\"uagb-ifb-button-wrapper wp-block-button\"><a href=\"http:\/\/www.kibe-kunterbunt.ch\/?page_id=1297\" class=\"uagb-infobox-cta-link wp-block-button__link\" target=\"_self\" rel=\"noopener noreferrer\" onclick=\"return true;\"><span class=\"uagb-inline-editing\">Info<\/span><\/a><\/div><\/div><\/div>\n<\/div><\/section>\n<\/div>\n\n\n\n<div class=\"wp-block-column is-layout-flow wp-block-column-is-layout-flow\">\n<section class=\"wp-block-uagb-section uagb-section__wrap uagb-section__background-image uagb-block-f75027b6\"><div class=\"uagb-section__overlay\"><\/div><div class=\"uagb-section__inner-wrap\">\n<div style=\"height:80px\" aria-hidden=\"true\" class=\"wp-block-spacer\"><\/div>\n\n\n\n<div class=\"wp-block-uagb-info-box uagb-block-5e598269 uagb-infobox__content-wrap  uagb-infobox-icon-above-title uagb-infobox-image-valign-top\"><div class=\"uagb-ifb-content\"><div class=\"uagb-ifb-title-wrap\"><h2 class=\"uagb-ifb-title\">ASB<\/h2><\/div><p class=\"uagb-ifb-desc\">Auserschulische Betreuung<\/p><div class=\"uagb-ifb-button-wrapper wp-block-button\"><a href=\"http:\/\/www.kibe-kunterbunt.ch\/?page_id=1298\" class=\"uagb-infobox-cta-link wp-block-button__link\" target=\"_self\" rel=\"noopener noreferrer\" onclick=\"return true;\"><span class=\"uagb-inline-editing\">Info<\/span><\/a><\/div><\/div><\/div>\n<\/div><\/section>\n<\/div>\n<\/div>\n<\/div><\/section>\n\n\n\n<p class=\"has-text-align-center\" style=\"font-size:26px\"><strong>Mitgliedschaften<\/strong><\/p>\n\n\n\n<figure class=\"wp-block-image aligncenter size-large is-resized\"><a href=\"http:\/\/www.kibe-kunterbunt.ch\/wp-content\/uploads\/2021\/06\/kibesuisse_Logo.png\"><img loading=\"lazy\" decoding=\"async\" width=\"225\" height=\"225\" src=\"http:\/\/www.kibe-kunterbunt.ch\/wp-content\/uploads\/2021\/06\/kibesuisse_Logo.png\" alt=\"\" class=\"wp-image-1544\" style=\"width:225px;height:225px\" srcset=\"https:\/\/www.kibe-kunterbunt.ch\/wp-content\/uploads\/2021\/06\/kibesuisse_Logo.png 225w, https:\/\/www.kibe-kunterbunt.ch\/wp-content\/uploads\/2021\/06\/kibesuisse_Logo-150x150.png 150w\" sizes=\"auto, (max-width: 225px) 100vw, 225px\" \/><\/a><figcaption class=\"wp-element-caption\">Verband Kinderbetreuung Schweiz<\/figcaption><\/figure>\n\n\n\n<div style=\"height:63px\" aria-hidden=\"true\" class=\"wp-block-spacer\"><\/div>\n\n\n\n<p class=\"has-text-align-center\" style=\"font-size:26px\"><strong>Labels und Zertifizierungen<\/strong><\/p>\n\n\n\n<figure class=\"wp-block-image aligncenter size-large is-resized is-style-default\"><a href=\"http:\/\/www.kibe-kunterbunt.ch\/wp-content\/uploads\/2021\/06\/079081605_SBFI_Sticker_RZ_35mm_170302_1.jpg\"><img loading=\"lazy\" decoding=\"async\" width=\"413\" height=\"413\" src=\"http:\/\/www.kibe-kunterbunt.ch\/wp-content\/uploads\/2021\/06\/079081605_SBFI_Sticker_RZ_35mm_170302_1.jpg\" alt=\"\" class=\"wp-image-1542\" style=\"width:199px;height:193px\" srcset=\"https:\/\/www.kibe-kunterbunt.ch\/wp-content\/uploads\/2021\/06\/079081605_SBFI_Sticker_RZ_35mm_170302_1.jpg 413w, https:\/\/www.kibe-kunterbunt.ch\/wp-content\/uploads\/2021\/06\/079081605_SBFI_Sticker_RZ_35mm_170302_1-300x300.jpg 300w, https:\/\/www.kibe-kunterbunt.ch\/wp-content\/uploads\/2021\/06\/079081605_SBFI_Sticker_RZ_35mm_170302_1-150x150.jpg 150w\" sizes=\"auto, (max-width: 413px) 100vw, 413px\" \/><\/a><figcaption class=\"wp-element-caption\">Wir sind stolz, Lernende auszubilden<\/figcaption><\/figure>\n\n\n\n<p class=\"has-text-align-center\" style=\"font-size:25px\"><strong>Unsere Spielplatzsponsoren<\/strong><\/p>\n\n\n\n<div class=\"wp-block-uagb-image aligncenter uagb-block-815ab814 wp-block-uagb-image--layout-default wp-block-uagb-image--effect-static wp-block-uagb-image--align-center is-style-default\"><figure class=\"wp-block-uagb-image__figure\"><a class=\"\" href=\"https:\/\/www.kibe-kunterbunt.ch\/wp-content\/uploads\/2024\/02\/Alle-Sponsoren.png\" target=\"\" rel=\"noopener\"><img decoding=\"async\" srcset=\"https:\/\/www.kibe-kunterbunt.ch\/wp-content\/uploads\/2026\/03\/sponsoren-kibe-neu3-1024x627.png ,https:\/\/www.kibe-kunterbunt.ch\/wp-content\/uploads\/2026\/03\/sponsoren-kibe-neu3.png 780w, https:\/\/www.kibe-kunterbunt.ch\/wp-content\/uploads\/2026\/03\/sponsoren-kibe-neu3.png 360w\" sizes=\"auto, (max-width: 480px) 150px\" src=\"https:\/\/www.kibe-kunterbunt.ch\/wp-content\/uploads\/2026\/03\/sponsoren-kibe-neu3-1024x627.png\" alt=\"\" class=\"uag-image-2433\" width=\"1024\" height=\"627\" title=\"sponsoren kibe neu3\" loading=\"lazy\" role=\"img\"\/><\/a><\/figure><\/div>\n\n\n\n<div style=\"height:130px\" aria-hidden=\"true\" class=\"wp-block-spacer\"><\/div>\n\n\n\n<p class=\"has-text-align-center\" style=\"font-size:26px\"><\/p>\n","protected":false},"excerpt":{"rendered":"<p>Unsere Leitgedanken Uns liegt es am Herzen, den Kindern einen Ort der Geborgenheit zu vermitteln, in dem sie sich ihren individuellen Bed\u00fcrfnissen entsprechend entfalten k\u00f6nnen. Uns ist wichtig, in einer famili\u00e4ren Atmosph\u00e4re die Kinder liebevoll und individuell zu f\u00f6rdern, den Kindern die Gelegenheit zu geben, sich mit anderen Kindern auseinanderzusetzen und mit ihnen zu spielen, [&hellip;]<\/p>\n","protected":false},"author":5,"featured_media":2112,"parent":0,"menu_order":0,"comment_status":"closed","ping_status":"closed","template":"","meta":{"_uag_custom_page_level_css":"","site-sidebar-layout":"no-sidebar","site-content-layout":"page-builder","ast-site-content-layout":"full-width-container","site-content-style":"unboxed","site-sidebar-style":"unboxed","ast-global-header-display":"","ast-banner-title-visibility":"","ast-main-header-display":"","ast-hfb-above-header-display":"","ast-hfb-below-header-display":"","ast-hfb-mobile-header-display":"","site-post-title":"disabled","ast-breadcrumbs-content":"","ast-featured-img":"disabled","footer-sml-layout":"","ast-disable-related-posts":"","theme-transparent-header-meta":"enabled","adv-header-id-meta":"","stick-header-meta":"default","header-above-stick-meta":"","header-main-stick-meta":"","header-below-stick-meta":"","astra-migrate-meta-layouts":"set","ast-page-background-enabled":"default","ast-page-background-meta":{"desktop":{"background-color":"","background-image":"","background-repeat":"repeat","background-position":"center center","background-size":"auto","background-attachment":"scroll","background-type":"","background-media":"","overlay-type":"","overlay-color":"","overlay-opacity":"","overlay-gradient":""},"tablet":{"background-color":"","background-image":"","background-repeat":"repeat","background-position":"center center","background-size":"auto","background-attachment":"scroll","background-type":"","background-media":"","overlay-type":"","overlay-color":"","overlay-opacity":"","overlay-gradient":""},"mobile":{"background-color":"","background-image":"","background-repeat":"repeat","background-position":"center center","background-size":"auto","background-attachment":"scroll","background-type":"","background-media":"","overlay-type":"","overlay-color":"","overlay-opacity":"","overlay-gradient":""}},"ast-content-background-meta":{"desktop":{"background-color":"var(--ast-global-color-5)","background-image":"","background-repeat":"repeat","background-position":"center center","background-size":"auto","background-attachment":"scroll","background-type":"","background-media":"","overlay-type":"","overlay-color":"","overlay-opacity":"","overlay-gradient":""},"tablet":{"background-color":"var(--ast-global-color-5)","background-image":"","background-repeat":"repeat","background-position":"center center","background-size":"auto","background-attachment":"scroll","background-type":"","background-media":"","overlay-type":"","overlay-color":"","overlay-opacity":"","overlay-gradient":""},"mobile":{"background-color":"var(--ast-global-color-5)","background-image":"","background-repeat":"repeat","background-position":"center center","background-size":"auto","background-attachment":"scroll","background-type":"","background-media":"","overlay-type":"","overlay-color":"","overlay-opacity":"","overlay-gradient":""}},"footnotes":""},"class_list":["post-10","page","type-page","status-publish","has-post-thumbnail","hentry"],"uagb_featured_image_src":{"full":["https:\/\/www.kibe-kunterbunt.ch\/wp-content\/uploads\/2024\/02\/Alle-Sponsoren.png",1030,1012,false],"thumbnail":["https:\/\/www.kibe-kunterbunt.ch\/wp-content\/uploads\/2024\/02\/Alle-Sponsoren-150x150.png",150,150,true],"medium":["https:\/\/www.kibe-kunterbunt.ch\/wp-content\/uploads\/2024\/02\/Alle-Sponsoren-300x295.png",300,295,true],"medium_large":["https:\/\/www.kibe-kunterbunt.ch\/wp-content\/uploads\/2024\/02\/Alle-Sponsoren-768x755.png",768,755,true],"large":["https:\/\/www.kibe-kunterbunt.ch\/wp-content\/uploads\/2024\/02\/Alle-Sponsoren-1024x1006.png",1024,1006,true],"1536x1536":["https:\/\/www.kibe-kunterbunt.ch\/wp-content\/uploads\/2024\/02\/Alle-Sponsoren.png",1030,1012,false],"2048x2048":["https:\/\/www.kibe-kunterbunt.ch\/wp-content\/uploads\/2024\/02\/Alle-Sponsoren.png",1030,1012,false]},"uagb_author_info":{"display_name":"Kibe Kunterbunt","author_link":"https:\/\/www.kibe-kunterbunt.ch\/?author=5"},"uagb_comment_info":0,"uagb_excerpt":"Unsere Leitgedanken Uns liegt es am Herzen, den Kindern einen Ort der Geborgenheit zu vermitteln, in dem sie sich ihren individuellen Bed\u00fcrfnissen entsprechend entfalten k\u00f6nnen. Uns ist wichtig, in einer famili\u00e4ren Atmosph\u00e4re die Kinder liebevoll und individuell zu f\u00f6rdern, den Kindern die Gelegenheit zu geben, sich mit anderen Kindern auseinanderzusetzen und mit ihnen zu spielen,&hellip;","_links":{"self":[{"href":"https:\/\/www.kibe-kunterbunt.ch\/index.php?rest_route=\/wp\/v2\/pages\/10","targetHints":{"allow":["GET"]}}],"collection":[{"href":"https:\/\/www.kibe-kunterbunt.ch\/index.php?rest_route=\/wp\/v2\/pages"}],"about":[{"href":"https:\/\/www.kibe-kunterbunt.ch\/index.php?rest_route=\/wp\/v2\/types\/page"}],"author":[{"embeddable":true,"href":"https:\/\/www.kibe-kunterbunt.ch\/index.php?rest_route=\/wp\/v2\/users\/5"}],"replies":[{"embeddable":true,"href":"https:\/\/www.kibe-kunterbunt.ch\/index.php?rest_route=%2Fwp%2Fv2%2Fcomments&post=10"}],"version-history":[{"count":46,"href":"https:\/\/www.kibe-kunterbunt.ch\/index.php?rest_route=\/wp\/v2\/pages\/10\/revisions"}],"predecessor-version":[{"id":2434,"href":"https:\/\/www.kibe-kunterbunt.ch\/index.php?rest_route=\/wp\/v2\/pages\/10\/revisions\/2434"}],"wp:featuredmedia":[{"embeddable":true,"href":"https:\/\/www.kibe-kunterbunt.ch\/index.php?rest_route=\/wp\/v2\/media\/2112"}],"wp:attachment":[{"href":"https:\/\/www.kibe-kunterbunt.ch\/index.php?rest_route=%2Fwp%2Fv2%2Fmedia&parent=10"}],"curies":[{"name":"wp","href":"https:\/\/api.w.org\/{rel}","templated":true}]}}